 = 9*h + 9. Let z(j) = o*f(j) + 7*y(j). Suppose -3*s = -5*s + 2. Calculate z(s).
-9
Let h(w) = -4*w**2 - w + 3. Let a(z) = -5*z**2 + 4. Let l(x) = 5*a(x) - 6*h(x). Give l(6).
2
Suppose 2*l - v - 2*v - 27 = 0, 0 = -3*l + v + 23. Let t(f) = -f**2 + 6*f + 3. What is t(l)?
3
Let w(t) = 2*t**3 - 1 - 321*t + 5*t**2 + 321*t - 3*t**2. Calculate w(-1).
-1
Let o(t) = t - 9. Let w be o(9). Let k(m) = w*m + 9*m - 7*m. Let p = 3 - 2. What is k(p)?
2
Let v(x) = x**2 - 2*x - 2. Let g = -6 - -9. Suppose 5*w - 15 - 2 = 3*y, g*y + 13 = 4*w. Calculate v(w).
6
Let x(o) = -3*o + 3. Let w(k) = k + 2*k**2 - 4*k**2 + 1 - k**3 + 3*k**2 + 0*k. Let j be w(-1). What is x(j)?
-3
Let y(u) = u + 2*u**2 - 15*u**3 - 2*u + 16*u**3 - 8*u**3. Let b = -3 + 5. Suppose -2*q + 4 = 2*n, 0 = -q - b*n + 2 + 1. Calculate y(q).
-6
Suppose 5*o - 21 = a, 0*o - 13 = 5*a - 2*o. Let p(j) = 5*j**3 + 2 - j + 4*j**3 - 3 - 4*j**3. Give p(a).
-5
Suppose 0 = 2*g - a - 2, 4*g - 6 = 3*a - 2*a. Let u(r) = r + 1. Calculate u(g).
3
Let n(m) = -m + 10. Let y(b) = 3*b - 30. Let r(d) = 8*n(d) + 3*y(d). Determine r(8).
-2
Let h(d) = 0 - 25*d**2 + 33*d**2 - 1. Determine h(1).
7
Let a(f) = f**2 + 1. Let u be 6*(-2)/(-12)*-2. What is a(u)?
5
Let c(i) = i**2 - 4*i - 5. Let b be c(4). Let p = 24 + -24. Let x(q) = p*q + q - q**2 - 5*q + 9 - 2. Calculate x(b).
2
Let b(j) = -j - 2*j + 3*j + j + 5. Give b(-5).
0
Let u(m) = -m. Let c be 80/(-35) - 2/(-7). Calculate u(c).
2
Suppose -5*c + 2*c + 9 = 0. Let l be (42/105)/((-4)/(-10)). Let f(g) = -1 + 2 + l + g**2 - 3*g - c. Determine f(5).
9
Let z(t) be the first derivative of t**3/3 + 3*t**2 + 5*t - 5. Determine z(-6).
5
Suppose 0 = -17*k + 15*k. Let y(d) = -d**3 - d**2 + d - 7. Calculate y(k).
-7
Suppose 5 = 8*i - 67. Let b(m) = -m**2 + 9*m + 4. What is b(i)?
4
Suppose 0*c = c + 5*n + 20, -20 = 5*n. Let v(s) = s**3 + s**2 - 6. What is v(c)?
-6
Let j(g) = -3*g - 23. Let f(u) = -2*u - 12. Let i(v) = -5*f(v) + 3*j(v). Give i(6).
-3
Let w(y) = -9 + 0*y**2 - 3*y**2 - y**2 + 6*y + 3*y**2. Calculate w(6).
-9
Let v = 1 - 7. Let l = -8 - v. Let g(d) = -d**2 + d. Let b(t) = t**2. Let f(j) = 3*b(j) + 2*g(j). Calculate f(l).
0
Suppose 8*c - 3 = 29. Let b(n) be the first derivative of -3*n + n**2 - n**3 - 2 - 1/4*n**c. Calculate b(-3).
-9
Let a(u) = 4*u - 7. Let x(r) be the third derivative of -11*r**4/24 + 10*r**3/3 + 5*r**2. Let p(j) = -17*a(j) - 6*x(j). Suppose i = 5*i - 4. Give p(i).
-3
Let o(c) = -c**2 + 7*c - 7. Let u be ((-2)/2)/(2 - 3). Suppose 10 = 2*i - v, 0 = 4*i + 3*v - 11 + u. Suppose -3*s = -i*s + 6. What is o(s)?
-1
Let v(t) = -t**2 - 3*t**3 + 5 + t**3 + 3*t + t**3 - 4*t. Calculate v(0).
5
Let o(f) = -2*f + 13. Let l(y) = 3*y - 19. Let j(x) = -5*l(x) - 8*o(x). Give j(5).
-4
Let o(d) = d**2 + 7*d + 6. Let w be 180/(-28) + (-9)/(-21). Calculate o(w).
0
Let o(w) = 14*w**2 + 11*w + 2. Let j(u) = 5*u**2 + 4*u + 1. Let s(k) = 8*j(k) - 3*o(k). Let n(q) = -q**2 - q + 1. Let z(x) = 5*n(x) - 3*s(x). Give z(3).
2
Let z be (-1 - -2)*0 + -3. Suppose -4*o = o. Let s(u) = -u**2 + 3*u + 3*u**3 + o*u**3 - 3*u**3 - u**3. What is s(z)?
9
Let a(d) = -19*d. Let t(s) = 17*s. Let m(w) = -6*a(w) - 7*t(w). Let q = 2 - 4. What is m(q)?
10
Let y be -5*(23/5 + -5). Let b(t) be the third derivative of y*t**2 - 1/24*t**4 + 0*t + 0 - 5/6*t**3. Determine b(-4).
-1
Let s be (-24)/10 - 2/(-5). Let z = 7 + -4. Let a(l) = -4 - l**3 - 1 + 3 - z*l**2 - 4*l. What is a(s)?
2
Let x(s) = -6 - s**2 - 2*s**2 - 7*s + 3*s**2 - s**2. Suppose 0 = -4*d - 10 - 10. Give x(d).
4
Let f = -28 + 10. Let d = f - -12. Let m(z) = z**3 + 5*z**2 - 7*z - 4. What is m(d)?
2
Let t(l) = l**3 - 3*l**2 + 3*l + 3. Suppose -p + 2 + 1 = 0. Calculate t(p).
12
Let s(q) = -4*q**2 + 0*q**3 + q**3 - 3 - 5*q - 2. Suppose 3*g = 6 - 3. Suppose -v + 4 = -g. Calculate s(v).
-5
Let z(r) be the third derivative of -1/15*r**5 - 1/6*r**3 - 1/24*r**4 + 0*r + 2*r**2 + 1/120*r**6 + 0. Determine z(2).
-11
Let o(y) = 4*y**2 + 4*y. Let l(w) = -w. Let f(a) = 2*a. Let v(p) = 3*f(p) + 5*l(p). Let k(u) = -o(u) + 3*v(u). Determine k(-1).
-3
Let a be (8/6)/((-2)/6). Let l = 2 - a. Let n = 0 + l. Let f(c) = c - 5. Determine f(n).
1
Let u(y) = 0*y + 1 + y**2 + 1 + 2*y. Suppose -546*l = -555*l - 18. What is u(l)?
2
Let o(n) = n**3 + n**2 - 3*n - 2. Let h be o(-2). Let j = 4 + h. Let d(u) be the second derivative of u**3/6 - 3*u**2 - 4*u. Give d(j).
-2
Let i = 106 + -114. Let p(u) = u**3 + 9*u**2 + 7*u + 11. Give p(i).
19
Let b(f) be the second derivative of f**5/20 + 5*f**4/12 + f**3/2 - 2*f**2 - 11*f. Calculate b(-4).
0
Let n be 5/30*6*2*2. Let z(x) = 4*x - 4. Give z(n).
12
Let b(d) be the first derivative of 3 - d - d**2 - 1/4*d**4 - 4/3*d**3. Give b(-3).
-4
Let l(o) = o - 14. Let h(g) = g**3 - 9*g**2 + 2*g - 10. Let k be h(9). Determine l(k).
-6
Let m(f) = f**2 + 4*f + 5. Let k be m(-4). Suppose 0 = c - 2*v, k*v = -3*c - 0*v + 11. Let g(o) = c*o + 3 + 0*o - 1 + 2*o**2. Calculate g(-2).
6
Let f(h) = -h - 4 + 4 - 2. Let x be f(3). Let z(d) = -7*d**2 - 10*d - 5. Let b(w) = -4*w**2 - 5*w - 2. Let r(q) = -5*b(q) + 3*z(q). Calculate r(x).
-5
Let d(v) be the first derivative of -5*v**3 - v**2/2 - v - 4. Determine d(-1).
-15
Let t be (2 + (-24)/7)*7/(-4). Let z(l) be the first derivative of -2 - t*l**2 + l + 1/3*l**3. Calculate z(3).
-5
Let o(w) = -1 + 5 + w + 0*w - 3. Let l(z) = -5*z + 2. Let q(b) = -l(b) - 3*o(b). Give q(4).
3
Let z(x) = 5*x**3 + 5*x**2 - 6*x + 4. Let n(w) = -4*w**3 - 5*w**2 + 6*w - 4. Let l(h) = -6*n(h) - 5*z(h). Calculate l(4).
-4
Let f be (-3)/6 - 77/(-14). Let w(h) = h**2 - 5*h - 1. Determine w(f).
-1
Let s(b) = 2*b**2 + 19*b - 15. Let r be s(-10). Let q(v) = -v**3 - 6*v**2 - 3*v + 5. Give q(r).
-5
Let t(k) = 9*k**2 - 3*k - 4. Let s(r) = 4*r**2 - r - 2. Let q(j) = 7*s(j) - 3*t(j). Give q(-2).
-2
Suppose -4*j + 0*j = 5*o - 23, 5*j - 1 = 3*o. Let w(y) = y**2 - 3*y - 2. Give w(j).
-4
Let y(h) = h - 2. Let a(d) = -d + 5. Let k be a(5). Suppose q + 3*w - 8 = k, -3*q + 2*w + 4 = w. Suppose -2 = 2*x + q. Calculate y(x).
-4
Let q be (12/(-10))/(3/10). Let f be (-64)/(-36) + 6/27. Let t(w) = 5*w**2 + 1 + w**3 + 5*w - f + 3. Calculate t(q).
-2
Let m(n) be the third derivative of 0*n + 3*n**2 + 0 - 1/12*n**4 - 1/6*n**3 - 1/12*n**5. Determine m(-1).
-4
Suppose 6*w - 10*w + 8 = 0. Let t(n) be the second derivative of -3/2*n**w - 3*n + 1/2*n**3 + 0. What is t(4)?
9
Let w = 19 + -15. Let h(b) = b**2 - 7 - 1 + b - w + 2. Calculate h(0).
-10
Let m(q) = 3*q + 1. Let z be m(3). Let n be (-25)/5*8/z. Let d(g) = -2*g. What is d(n)?
8
Let m(r) be the second derivative of -r**3/6 + 3*r**2/2 - 2*r. Suppose 14 = 2*a - 0*a. What is m(a)?
-4
Let c(a) = a**3 - 5*a**2 - 9*a + 9. Let i = -154 + 160. Calculate c(i).
-9
Let w be (-15)/(-2)*(-8)/(-10). Let q be (w - 4) + (2 - 0). Let p(y) = -y**3 + 5*y**2 - 4*y + 5. What is p(q)?
5
Let y(h) = 102*h**2 - 28 + h**3 - 102*h**2. What is y(0)?
-28
Let a(b) = b**2 + 7*b + 5. Let d be ((-1)/3)/(1/(-45)). Let k = 21 + -11. Let l = k - d. Calculate a(l).
-5
Let b(w) = -5*w - 4. Let r(c) = -18*c - 15. Let u(o) = -15*b(o) + 4*r(o). What is u(-2)?
-6
Let v(b) be the third derivative of -b**3 + 2*b**2 + 0 - 1/12*b**4 + 0*b. What is v(-4)?
2
Let x(n) be the first derivative of n**4/4 - 4*n**3/3 - n**2/2 + 3*n - 4. Suppose 3*q + 15 = -2*i, -4*q + 3 = 2*i + 21. Let f be 16/6*i/(-2). Determine x(f).
-1
Let b(i) be the second derivative of 5/12*i**4 + i + 3/2*i**2 - i**3 - 1/20*i**5 + 0. Determine b(4).
-5
Suppose 5*y - 2*j = -90, 4*y - 50 = -4*j - 150. Let g be ((y/(-2))/(-2))/(-1). Let m(p) = -p**2 + 5*p - 5. Calculate m(g).
-5
Let a(k) = -k + 5. Let n(b) = -b - 1. Let v(w) = a(w) - 2*n(w). Give v(-6).
1
Let p(m) = -m + 5. Let o be p(4). Let u(z) be the first derivative of -z**2 + 1/3*z**3 - 2*z + o. Calculate u(-2).
6
Let m(x) be the third derivative of x**5/60 + x**4/24 - 2*x**3/3 - 3*x**2. Give m(0).
-4
Let q(n) = 6*n. Let b(l) = -11*l - 1. Let y(k) = -4*b(k) - 7*q(k). Give y(-4).
-4
Let q be -2*((-10)/(-4) + 0). Let j(s) = -2 + s**2 + 3 - 2*s**2. Let v(h) = -4*h**2 + 5*h + 9. Let t(u) = -5*j(u) + v(u). Give t(q).
4
Let f(s) = -s - 3. Let k = -1 - -3. Suppose 0 = k*j + 2*j - 20. Determine f(j).
-8
Suppose -2*n - 19 = -49. Suppose 5*y = -4*c + n, 2*c = -3*c - 3*y + 9. Let l(p) be the first derivative of p**4/4 + p**3/3 - p**2/2 + 7*p -